t are the prime factors of 2748?
2, 3, 229
What are the prime factors of 5018?
2, 13, 193
What are the prime factors of 1970?
2, 5, 197
List the prime factors of 35255.
5, 11, 641
List the prime factors of 1429.
1429
What are the prime factors of 67221?
3, 7, 11, 97
What are the prime factors of 222?
2, 3, 37
What are the prime factors of 870?
2, 3, 5, 29
What are the prime factors of 3061?
3061
What are the prime factors of 1555?
5, 311
What are the prime factors of 1976?
2, 13, 19
What are the prime factors of 69606?
2, 3, 1289
List the prime factors of 12193.
89, 137
List the prime factors of 12800.
2, 5
List the prime factors of 2465.
5, 17, 29
List the prime factors of 13156.
2, 11, 13, 23
List the prime factors of 15086.
2, 19, 397
List the prime factors of 1000.
2, 5
What are the prime factors of 6228?
2, 3, 173
What are the prime factors of 37028?
2, 9257
What are the prime factors of 1108?
2, 277
List the prime factors of 4305.
3, 5, 7, 41
What are the prime factors of 281?
281
List the prime factors of 126658.
2, 7, 83, 109
List the prime factors of 30545.
5, 41, 149
What are the prime factors of 626?
2, 313
List the prime factors of 448.
2, 7
What are the prime factors of 2909?
2909
What are the prime factors of 1555?
5, 311
What are the prime factors of 96632?
2, 47, 257
What are the prime factors of 2218?
2, 1109
What are the prime factors of 46297?
67, 691
List the prime factors of 89058.
2, 3, 14843
List the prime factors of 5979.
3, 1993
What are the prime factors of 43069?
13, 3313
What are the prime factors of 29149?
103, 283
What are the prime factors of 22406?
2, 17, 659
List the prime factors of 1198.
2, 599
What are the prime factors of 18111?
3, 6037
List the prime factors of 9493.
11, 863
What are the prime factors of 534?
2, 3, 89
List the prime factors of 993.
3, 331
List the prime factors of 1299.
3, 433
List the prime factors of 12073.
12073
What are the prime factors of 29204?
2, 7, 149
List the prime factors of 51.
3, 17
What are the prime factors of 92631?
3, 7, 11, 401
List the prime factors of 6606.
2, 3, 367
What are the prime factors of 472?
2, 59
List the prime factors of 2076.
2, 3, 173
What are the prime factors of 1634?
2, 19, 43
What are the prime factors of 17537?
13, 19, 71
List the prime factors of 19823.
43, 461
List the prime factors of 1185.
3, 5, 79
List the prime factors of 3848.
2, 13, 37
List the prime factors of 1219.
23, 53
What are the prime factors of 3301?
3301
What are the prime factors of 44102?
2, 22051
What are the prime factors of 840?
2, 3, 5, 7
What are the prime factors of 5593?
7, 17, 47
List the prime factors of 18011.
7, 31, 83
What are the prime factors of 1410?
2, 3, 5, 47
List the prime factors of 8303.
19, 23
What are the prime factors of 15224?
2, 11, 173
What are the prime factors of 43584?
2, 3, 227
List the prime factors of 1100.
2, 5, 11
What are the prime factors of 1153?
1153
What are the prime factors of 319?
11, 29
What are the prime factors of 92136?
2, 3, 11, 349
What are the prime factors of 7875?
3, 5, 7
What are the prime factors of 16918?
2, 11, 769
What are the prime factors of 7810?
2, 5, 11, 71
What are the prime factors of 1699?
1699
List the prime factors of 1163.
1163
List the prime factors of 950.
2, 5, 19
What are the prime factors of 1748?
2, 19, 23
What are the prime factors of 81851?
7, 11, 1063
List the prime factors of 85457.
97, 881
What are the prime factors of 531?
3, 59
What are the prime factors of 1752?
2, 3, 73
What are the prime factors of 92402?
2, 47, 983
What are the prime factors of 55815?
3, 5, 61
List the prime factors of 154656.
2, 3, 179
What are the prime factors of 10759?
7, 29, 53
What are the prime factors of 37549?
37549
What are the prime factors of 124995?
3, 5, 13, 641
What are the prime factors of 25832?
2, 3229
What are the prime factors of 3010?
2, 5, 7, 43
What are the prime factors of 34103?
67, 509
List the prime factors of 1693.
1693
List the prime factors of 1940.
2, 5, 97
List the prime factors of 12096.
2, 3, 7
List the prime factors of 878.
2, 439
List the prime factors of 1492.
2, 373
What are the prime factors of 31295?
5, 11, 569
List the prime factors of 1142.
2, 571
What are the prime factors of 1469?
13, 113
What are the prime factors of 29543?
31, 953
What are the prime factors of 15276?
2, 3, 19, 67
What are the prime factors of 40031?
40031
List the prime factors of 17848.
2, 23, 97
What are the prime factors of 14856?
2, 3, 619
What are the prime factors of 87190?
2, 5, 8719
List the prime factors of 8261.
11, 751
What are the prime factors of 868?
2, 7, 31
What are the prime factors of 11540?
2, 5, 577
What are the prime factors of 976?
2, 61
What are the prime factors of 5379?
3, 11, 163
List the prime factors of 504.
2, 3, 7
List the prime factors of 14031.
3, 1559
List the prime factors of 15168.
2, 3, 79
List the prime factors of 84.
2, 3, 7
List the prime factors of 44214.
2, 3, 7369
List the prime factors of 11121.
3, 11, 337
List the prime factors of 2351.
2351
List the prime factors of 41364.
2, 3, 383
What are the prime factors of 62896?
2, 3931
What are the prime factors of 3602?
2, 1801
What are the prime factors of 24841?
24841
What are the prime factors of 345?
3, 5, 23
What are the prime factors of 764?
2, 191
List the prime factors of 4125.
3, 5, 11
List the prime factors of 13523.
13523
List the prime factors of 19429.
19429
List the prime factors of 1823.
1823
What are the prime factors of 16468?
2, 23, 179
List the prime factors of 3297.
3, 7, 157
What are the prime factors of 705?
3, 5, 47
What are the prime factors of 13589?
107, 127
List the prime factors of 1163.
1163
List the prime factors of 1044.
2, 3, 29
List the prime factors of 715.
5, 11, 13
What are the prime factors of 38841?
3, 11, 107
What are the prime factors of 372?
2, 3, 31
List the prime factors of 3161.
29, 109
What are the prime factors of 23018?
2, 17, 677
List the prime factors of 118658.
2, 79, 751
What are the prime factors of 9083?
31, 293
List the prime factors of 8332.
2, 2083
List the prime factors of 24997.
7, 3571
List the prime factors of 27203.
11, 2473
List the prime factors of 3439.
19, 181
List the prime factors of 1722.
2, 3, 7, 41
What are the prime factors of 574?
2, 7, 41
List the prime factors of 7012.
2, 1753
What are the prime factors of 70595?
5, 7, 2017
What are the prime factors of 1180?
2, 5, 59
What are the prime factors of 5057?
13, 389
What are the prime factors of 1259?
1259
List the prime factors of 13469.
13469
What are the prime factors of 11473?
7, 11, 149
List the prime factors of 10628.
2, 2657
List the prime factors of 23808.
2, 3, 31
What are the prime factors of 4791?
3, 1597
What are the prime factors of 1979?
1979
List the prime factors of 1177.
11, 107
What are the prime factors of 2444?
2, 13, 47
What are the prime factors of 1535?
5, 307
List the prime factors of 48.
2, 3
List the prime factors of 612.
2, 3, 17
List the prime factors of 111119.
111119
List the prime factors of 69065.
5, 19, 727
What are the prime factors of 208?
2, 13
List the prime factors of 1853.
17, 109
List the prime factors of 69170.
2, 5, 6917
List the prime factors of 1500.
2, 3, 5
List the prime factors of 3098.
2, 1549
List the prime factors of 744.
2, 3, 31
List the prime factors of 31940.
2, 5, 1597
What are the prime factors of 7449?
3, 13, 191
List the prime factors of 9484.
2, 2371
List the prime factors of 40260.
2, 3, 5, 11, 61
What are the prime factors of 427?
7, 61
What are the prime factors of 924?
2, 3, 7, 11
List the prime factors of 2084.
2, 521
What are the prime factors of 5265?
3, 5, 13
List the prime factors of 629.
17, 37
List the prime factors of 1242.
2, 3, 23
What are the prime factors of 5597?
29, 193
What are the prime factors of 711?
3, 79
List the prime factors of 2626.
2, 13, 101
What are the prime factors of 21053?
37, 569
What are the prime factors of 425?
5, 17
List the prime factors of 1908.
2, 3, 53
List the prime factors of 686.
2, 7
What are the prime factors of 103397?
7, 14771
What are the prime factors of 83925?
3, 5, 373
What are the prime factors of 5692?
2, 1423
What are the prime factors of 10755?
3, 5, 239
What are the prime factors of 70404?
2, 3